**3 + 18*t**2. Let i be m(19). Calculate the greatest common factor of 285 and i.
15
Suppose -224*b = -i - 227*b + 5, 5*b + 37 = 4*i. Let v be (-2)/3 + 124/6. What is the highest common divisor of i and v?
4
Let n be 2/(21/(-27) - (5 - 6)). Suppose -4*w + 38 = -x, 16 = 5*w + 5*x - 19. Calculate the highest common divisor of w and n.
9
Let y = 71 - 69. Let l = -121 + 125. Suppose -3*x + 28 - 297 = -l*b, 0 = y*b + x - 137. Calculate the highest common divisor of 51 and b.
17
Let s(v) = -4*v**2 - 3*v**2 - 2363 + 152*v + 2362. Let a be s(21). Calculate the highest common factor of 182 and a.
26
Suppose -2*g - m = 3*g - 133, -m + 55 = 2*g. Suppose 0 = 5*p + 25, -18 = -y + 2*p + p. Suppose 4*x - 182 = y*x. Calculate the greatest common factor of x and g.
26
Suppose 50*o = 12167 + 11233. Let a = o + 84. Calculate the greatest common divisor of a and 8.
8
Suppose -8*t - r = -4*t - 323, t - 86 = 5*r. What is the greatest common divisor of 72 and t?
9
Let i(g) = -297*g + 8093. Let j be i(27). Let h(b) = 3*b - 3. Let n be h(3). What is the highest common divisor of n and j?
2
Suppose 14*b + 49 = 15*b. Let j be (28/b)/((-4)/(-182)). Suppose -6 = -2*k + j. Calculate the greatest common factor of k and 24.
8
Suppose 13*n = -n. Let j(r) = -9*r + 22. Let z be j(n). Suppose -2*v - 22 = -4*f, -f - f - 7 = 5*v. Calculate the highest common factor of z and f.
2
Suppose 68*v - z = 72*v - 190, 2*z = 4*v - 172. Calculate the greatest common divisor of v and 7498.
46
Let w be (-1 + 4)*((-80)/24 - -3). Let p be -56*(-3)/(-2)*w/2. What is the greatest common divisor of 98 and p?
14
Let b(g) = g**2 - 2*g + 3. Let f be b(-3). Let v be (2/(4*-1))/(9/180). Let z = v + f. What is the greatest common factor of 72 and z?
8
Let c(r) = -r + 1. Let j(i) = 2*i + 62. Let y(f) = c(f) + j(f). Let s be y(45). What is the highest common divisor of s and 24?
12
Suppose 0 = 3*y + 2*j - 55, 143 = 13*y - 8*y + 8*j. Let w = 101 - 19. Let l = 181 - w. What is the highest common factor of l and y?
11
Suppose -5*t - q - 65 = 0, 2*q = -6 - 4. Let w(c) = c**2 + 7*c - 2. Let i be w(t). Suppose -4*j - i = -6*j. Calculate the highest common divisor of 261 and j.
29
Let s(l) = 2*l**2 + 2*l - 1. Let a be s(4). Let g be (-111)/(-148) - (-442)/8. Let y = g + 256. Calculate the greatest common factor of y and a.
39
Let l(i) = -27*i**3 - 2*i**2 + i. Let x be l(-2). What is the greatest common factor of x and 3193?
103
Suppose 43*o = 38853 + 29130. What is the highest common factor of 93 and o?
93
Let t be (-3)/(-4)*4635492/279. Calculate the highest common factor of 17 and t.
17
Let l(b) = -b**3 - 13*b**2 - 14*b - 62. Let i be l(-14). Let p be ((-84)/9)/((-5)/i). Calculate the greatest common divisor of 66 and p.
22
Let w = 86 - -33. Suppose -3*c + 11 = -4*c + 3*p, -20 = -4*p. Suppose c*o - 16 - 12 = 0. What is the greatest common divisor of o and w?
7
Suppose -22*i + 5780 = -17*i + 12*i. Calculate the highest common divisor of i and 1564.
68
Let f be ((-30)/18)/(-1) + 20/6. Suppose 4*a - 3*u = 477, f*u + 236 = 2*a + u. Calculate the greatest common factor of a and 15.
15
Let t be (-8 - 666/45)*50/(-15). What is the highest common divisor of 133 and t?
19
Let z be 2/8 + (1 - (-597)/12). What is the greatest common factor of z and 3638?
17
Let u be (-59)/((-944)/5952) + -1 + 3. What is the highest common factor of u and 594?
22
Let n = 120 - -17. Let a = n - 69. Let u = -59 - -110. What is the highest common factor of u and a?
17
Let s(k) = -k**3 + 21*k**2 - 19*k - 8. Let c be s(20). Suppose 12*v - 132 - c = 0. What is the greatest common divisor of 44 and v?
4
Let u be ((-156)/10)/((-8)/40). Suppose 740*f + 18 = 741*f - 2*z, 0 = -f + z + 12. What is the greatest common factor of f and u?
6
Let l(c) = -33*c + 99. Let t(a) = 26*a - 239. Let o be t(9). Let v be l(o). What is the highest common factor of v and 48?
24
Let z(i) = i**3 + 15*i**2 + i + 11. Let l be z(-15). Let r be (-7 - 20/l)*-8. What is the greatest common divisor of 88 and r?
8
Let w be (-6)/(-21) + (-1510)/(-7). Let b be (0 - (-3)/(-2)) + (-10062)/(-156). Suppose 58*g = b*g - 135. Calculate the greatest common divisor of w and g.
27
Let r(d) = -22*d + 5. Suppose 0*w + 2 = -w. Let x be r(w). Let g be -2 - x/(-2) - 3/(-2). Calculate the greatest common divisor of 24 and g.
24
Let a be 726 - (10 - ((2 - 5) + 7)). What is the highest common factor of 320 and a?
80
Let a(p) = -p + 5. Suppose 0*h = 2*s + h - 7, -h = 3. Suppose 2*u - 1 = -s*q + 8, 5*u - 12 = -2*q. Let l be a(q). What is the highest common divisor of l and 4?
4
Suppose -23*h - 59 = 309. Let v(n) = 7*n. Let u be v(5). Let i = h + u. Calculate the highest common factor of 19 and i.
19
Suppose 3*l = 2*l + 4*j + 15, 4*j = -4*l + 40. Let y be (-6)/6 + 3 + (0 - 2). Suppose y = -4*c + 38 + 6. Calculate the highest common factor of c and l.
11
Let n = -651 - -1058. Calculate the greatest common factor of 110 and n.
11
Let p(n) = -n**2 + 17*n + 63. Let j = -70 - -89. Let g be p(j). Calculate the greatest common divisor of 400 and g.
25
Let r be (6*(-3)/54)/((-5)/2130). What is the highest common factor of r and 497?
71
Suppose 279 = 5*r - 171. Let q(a) = a**2 - 6. Let p be q(-3). Suppose 0 = -p*t - 0*g - 2*g + 110, 0 = 3*g - 3. What is the greatest common divisor of r and t?
18
Let u = 3080 - 3074. What is the greatest common divisor of u and 1608?
6
Let y be 1885/15 + 1 + 14/(-21). Suppose -16*d + y = -13*d. Calculate the greatest common factor of d and 378.
42
Suppose -2*m - 185 = -609. Suppose 4*b - 763 = d, -4*b - d = m - 985. Let t be b/10*(-165)/(-22). What is the greatest common divisor of 16 and t?
16
Let d be 3/4*-4 + (3 - -1). Let f(o) = 990*o + 4. Let m be f(d). What is the greatest common divisor of 71 and m?
71
Let j be -112*(20 + -7 - 6). Let k = -616 - j. Calculate the greatest common factor of 63 and k.
21
Let p be (1 + 3)/(1 + (-949)/951). What is the highest common factor of p and 6?
6
Let z(c) = 1571*c**3 - c**2 + c - 6. Let w be z(2). Let o be w/80 + 12/2 + -1. Calculate the greatest common divisor of 18 and o.
18
Suppose -56473 = -76*i - 55637. Calculate the highest common factor of i and 1859.
11
Let q be (8/(304/(-1691)))/(2/(-520)). Calculate the highest common factor of q and 130.
130
Let y be ((-14)/4)/(1/(-2)). Let v be (-4)/(12/9) + y. Suppose v*p - 59 = 65. What is the highest common factor of p and 341?
31
Let r = -30 - -34. Suppose r = 10*q - 6*q. Suppose -4 + q = -g. Calculate the highest common factor of g and 2.
1
Let r = -518 - -959. Let u be -3 - (114/(-8) - (-513)/228). What is the greatest common divisor of u and r?
9
Let b(p) = p**3 - 33*p**2 + p + 14. Let s be b(33). Let z be (87/(-9) + -1)*(41 - s). Calculate the highest common factor of 16 and z.
16
Let n(j) = -j**3 - 19*j**2 + 16*j + 36. Let m be n(-20). Let q = m - 892. Let y be 2/(-4) + q/(-16). What is the highest common divisor of 8 and y?
8
Suppose -10 = -5*m, a + 2*a - 3*m = 1722. Let z be (-20)/(-4)*448/35. What is the greatest common factor of a and z?
64
Suppose 0 = 5*w - 3*p - 29, 20 - 3 = 2*w - 3*p. Suppose 8*t - 796 + w = 0. Calculate the highest common divisor of t and 264.
33
Let b(c) = 2*c**2 - 67. Let s be b(-10). Suppose -s*o + 128*o + 60 = 0. What is the greatest common divisor of 300 and o?
12
Suppose 8*d - 1066 = 2014. Suppose 8*b + 3*b = d. Calculate the highest common divisor of 175 and b.
35
Let v be (-3)/(6/18*(-15)/1825). What is the highest common factor of 60 and v?
15
Let z be 1/5 - 6921/(-45) - 4. Suppose 576*p - 570*p - z = 0. What is the highest common factor of 200 and p?
25
Suppose 0 = -27*r + 1289 + 3058. Calculate the highest common factor of 70 and r.
7
Let r(j) = 25*j**2 - 31*j + 115. Let p be 0 + (3 - (-6)/6). Let o be r(p). What is the greatest common divisor of 23 and o?
23
Let a(t) = -19*t**3 + 2*t + 18. Let i be a(-3). Calculate the highest common divisor of 42 and i.
21
Suppose -246 = 3*h - a - 686, -3*h - 4*a + 430 = 0. What is the highest common factor of 3358 and h?
146
Let n be (-350)/(-5) - 0/2. Let f = n + -68. Let i be ((3*-6)/6)/(f/(-38)). Calculate the greatest common factor of i and 38.
19
Let d be 2/(-31) - 7462592/(-4216). What is the highest common factor of 360 and d?
30
Let k(n) = -n**3 - 14*n**2 - 3*n - 16. Suppose -2 = 7*q + 243. Let 